{"id":9,"date":"2018-02-28T13:52:51","date_gmt":"2018-02-28T13:52:51","guid":{"rendered":"http:\/\/bridge171.qodeinteractive.com\/?page_id=5"},"modified":"2020-07-09T12:21:57","modified_gmt":"2020-07-09T15:21:57","slug":"home-2","status":"publish","type":"page","link":"https:\/\/vegaa.com.br\/","title":{"rendered":"Home"},"content":{"rendered":"<p>[vc_row css_animation=&#8221;&#8221; row_type=&#8221;row&#8221; use_row_as_full_screen_section=&#8221;no&#8221; type=&#8221;full_width&#8221; angled_section=&#8221;no&#8221; text_align=&#8221;left&#8221; background_image_as_pattern=&#8221;without_pattern&#8221; css=&#8221;.vc_custom_1519895299217{background-color: #212121 !important;}&#8221; z_index=&#8221;&#8221;][vc_column][rev_slider_vc alias=&#8221;home&#8221;][\/vc_column][\/vc_row][vc_row css_animation=&#8221;&#8221; row_type=&#8221;row&#8221; use_row_as_full_screen_section=&#8221;no&#8221; type=&#8221;grid&#8221; angled_section=&#8221;no&#8221; text_align=&#8221;center&#8221; background_image_as_pattern=&#8221;without_pattern&#8221; z_index=&#8221;&#8221; css=&#8221;.vc_custom_1594145144126{padding-bottom: 110px !important;background-color: #245658 !important;}&#8221; el_id=&#8221;como&#8221; background_color=&#8221;#ffffff&#8221;][vc_column css=&#8221;.vc_custom_1592419705459{margin-top: 50px !important;}&#8221;][vc_column_text css=&#8221;.vc_custom_1594137903446{padding-top: 110px !important;}&#8221;]<\/p>\n<h1 style=\"text-align: center;\"><span style=\"color: #ffffff;\">COMO FAZEMOS<\/span><\/h1>\n<p>[\/vc_column_text][vc_empty_space][vc_separator type=&#8221;normal&#8221; color=&#8221;#ffffff&#8221; thickness=&#8221;2px&#8221;][vc_empty_space][qode_elements_holder number_of_columns=&#8221;three_columns&#8221;][qode_elements_holder_item horizontal_alignment=&#8221;left&#8221; advanced_animations=&#8221;yes&#8221; start_position=&#8221;bottom&#8221; end_position=&#8221;center&#8221; background_color=&#8221;rgba(189,80,59,0.01)&#8221; item_padding=&#8221;12% 13%&#8221;][vc_column_text]<\/p>\n<h2 style=\"text-align: center;\"><span style=\"color: #d9d5ca;\">Playbook<\/span><\/h2>\n<p>[\/vc_column_text][vc_empty_space height=&#8221;28px&#8221;][vc_column_text]<\/p>\n<p style=\"text-align: center;\"><span style=\"color: #ffffff;\">Constru\u00edmos um Playbook dos processos chave da companhia e cooperamos junto com sua empresa.<\/span><\/p>\n<p>[\/vc_column_text][\/qode_elements_holder_item][qode_elements_holder_item horizontal_alignment=&#8221;left&#8221; advanced_animations=&#8221;yes&#8221; start_position=&#8221;bottom&#8221; end_position=&#8221;center&#8221; background_color=&#8221;rgba(217,213,202,0.01)&#8221; item_padding=&#8221;12% 13%&#8221;][vc_column_text]<\/p>\n<h2 style=\"text-align: center;\"><span style=\"color: #d9d5ca;\">OPORTUNIDADES DE\u2029 AUTOMA\u00c7\u00c3O \/ DIGITALIZA\u00c7\u00c3O<\/span><\/h2>\n<p>[\/vc_column_text][vc_empty_space height=&#8221;28px&#8221;][vc_column_text]<\/p>\n<p style=\"text-align: center;\"><span style=\"color: #ffffff;\">Mapeamos e avaliamos oportunidades de automa\u00e7\u00e3o em seu processo.<\/span><\/p>\n<p>[\/vc_column_text][\/qode_elements_holder_item][qode_elements_holder_item horizontal_alignment=&#8221;left&#8221; advanced_animations=&#8221;yes&#8221; start_position=&#8221;bottom&#8221; end_position=&#8221;center&#8221; background_color=&#8221;rgba(61,87,167,0.01)&#8221; item_padding=&#8221;12% 13%&#8221;][vc_column_text]<\/p>\n<h2 style=\"text-align: center;\"><span style=\"color: #d9d5ca;\">CONFIGURA\u00c7\u00c3O DE PROCESSOS INTELIGENTES<\/span><\/h2>\n<p>[\/vc_column_text][vc_empty_space height=&#8221;28px&#8221;][vc_column_text]<\/p>\n<p style=\"text-align: center;\"><span style=\"color: #ffffff;\">Combinamos diferentes plataformas de softwares automatizando processos de neg\u00f3cios e integrando produtos digitais.<\/span><\/p>\n<p>[\/vc_column_text][\/qode_elements_holder_item][\/qode_elements_holder][\/vc_column][\/vc_row][vc_row css_animation=&#8221;&#8221; row_type=&#8221;row&#8221; use_row_as_full_screen_section=&#8221;no&#8221; type=&#8221;grid&#8221; angled_section=&#8221;no&#8221; text_align=&#8221;center&#8221; background_image_as_pattern=&#8221;without_pattern&#8221; z_index=&#8221;&#8221; el_id=&#8221;visao&#8221; background_color=&#8221;#ffffff&#8221;][vc_column][vc_row_inner row_type=&#8221;row&#8221; type=&#8221;full_width&#8221; text_align=&#8221;left&#8221; css_animation=&#8221;&#8221; anchor=&#8221;visao&#8221; css=&#8221;.vc_custom_1594145098568{padding-top: 110px !important;}&#8221;][vc_column_inner][vc_column_text]<\/p>\n<h1 style=\"text-align: center;\"><span style=\"color: #245658;\">VIS\u00c3O GERAL<\/span><\/h1>\n<p>[\/vc_column_text][vc_empty_space][vc_column_text]<\/p>\n<p style=\"text-align: center;\"><strong><span style=\"color: #808080;\">Processos inteligentes e produtos digitais.<\/span><\/strong><\/p>\n<p>[\/vc_column_text][vc_empty_space][vc_separator type=&#8221;normal&#8221; color=&#8221;#245658&#8243; thickness=&#8221;2px&#8221;][vc_empty_space][\/vc_column_inner][\/vc_row_inner][vc_row_inner row_type=&#8221;row&#8221; type=&#8221;full_width&#8221; text_align=&#8221;left&#8221; css_animation=&#8221;&#8221;][vc_column_inner width=&#8221;1\/3&#8243;][vc_column_text]<\/p>\n<h1 style=\"text-align: center;\"><span style=\"color: #ffffff;\">{tooltip}INTELIG\u00caNCIA{end-texte}INCORPORAMOS MAIS DE 20 ANOS DE EXPERI\u00caNCIA EM MODELAGEM DE NEG\u00d3CIOS, NA CONSTRU\u00c7\u00c3O OU REVIS\u00c3O DO SEU PLAYBOOK DE PROCESSO{end-tooltip}<\/span><\/h1>\n<p>[\/vc_column_text][vc_empty_space height=&#8221;12px&#8221;][\/vc_column_inner][vc_column_inner width=&#8221;1\/3&#8243;][vc_column_text]<\/p>\n<h1 style=\"text-align: center;\"><span style=\"color: #ffffff;\">{tooltip}PLATAFORMAS DE SOFTWARE{end-texte}CONFIGURAMOS E DESENVOLVEMOS APLICA\u00c7\u00d5ES DE SOFTWARE PARA AUTOMATIZA\u00c7\u00c3O DOS PROCESSOS{end-tooltip}<\/span><\/h1>\n<p>[\/vc_column_text][vc_empty_space height=&#8221;12px&#8221;][\/vc_column_inner][vc_column_inner width=&#8221;1\/3&#8243;][vc_column_text]<\/p>\n<h1 style=\"text-align: center;\"><span style=\"color: #ffffff;\">{tooltip}OUTSOURCING{end-texte}CO-OPERAMOS O PLAYBOOK DE PROCESSOS, A PARTIR DA APLICA\u00c7\u00c3O DO SOFTWARE IMPLANTADO, AVALIANDO OS RESULTADOS E REDIRECIONANDO PARA MELHORIA DE DESEMPENHO{end-tooltip}<\/span><\/h1>\n<p>[\/vc_column_text][vc_empty_space height=&#8221;12px&#8221;][\/vc_column_inner][\/vc_row_inner][vc_single_image image=&#8221;196&#8243; img_size=&#8221;full&#8221; alignment=&#8221;center&#8221; qode_css_animation=&#8221;&#8221; css=&#8221;.vc_custom_1594146250469{padding-top: 15px !important;padding-bottom: 15px !important;}&#8221;][vc_row_inner row_type=&#8221;row&#8221; type=&#8221;full_width&#8221; text_align=&#8221;left&#8221; css_animation=&#8221;&#8221; css=&#8221;.vc_custom_1594146077850{padding-bottom: 110px !important;}&#8221;][vc_column_inner width=&#8221;1\/5&#8243;][\/vc_column_inner][vc_column_inner width=&#8221;1\/5&#8243;][vc_column_text]<\/p>\n<h2 style=\"text-align: center;\"><span style=\"color: #000000;\">AN\u00c1LISES E SERVI\u00c7OS<\/span><\/h2>\n<p>[\/vc_column_text][vc_empty_space height=&#8221;12px&#8221;][\/vc_column_inner][vc_column_inner width=&#8221;1\/5&#8243;][vc_column_text]<\/p>\n<h2 style=\"text-align: center;\"><span style=\"color: #000000;\">AUTOMATIZA\u00c7\u00c3O\u00a0DE PROCESSOS <\/span><\/h2>\n<p>[\/vc_column_text][vc_empty_space height=&#8221;12px&#8221;][\/vc_column_inner][vc_column_inner width=&#8221;1\/5&#8243;][vc_column_text]<\/p>\n<h2 style=\"text-align: center;\"><span style=\"color: #000000;\">PRODUTOS\u00a0DIGITAIS <\/span><\/h2>\n<p>[\/vc_column_text][vc_empty_space height=&#8221;12px&#8221;][\/vc_column_inner][vc_column_inner width=&#8221;1\/5&#8243;][\/vc_column_inner][\/vc_row_inner][\/vc_column][\/vc_row][vc_row css_animation=&#8221;&#8221; row_type=&#8221;row&#8221; use_row_as_full_screen_section=&#8221;no&#8221; type=&#8221;grid&#8221; angled_section=&#8221;no&#8221; text_align=&#8221;left&#8221; background_image_as_pattern=&#8221;without_pattern&#8221; z_index=&#8221;&#8221; background_color=&#8221;#d9d5ca&#8221; el_id=&#8221;cases&#8221;][vc_column][vc_empty_space height=&#8221;52px&#8221;][qode_elements_holder number_of_columns=&#8221;two_columns&#8221; alignment_one_column=&#8221;center&#8221;][qode_elements_holder_item cover=&#8221;yes&#8221; advanced_animations=&#8221;no&#8221; background_image=&#8221;12&#8243;][vc_single_image image=&#8221;363&#8243; img_size=&#8221;full&#8221; qode_css_animation=&#8221;&#8221;][\/qode_elements_holder_item][qode_elements_holder_item horizontal_alignment=&#8221;left&#8221; advanced_animations=&#8221;no&#8221; background_color=&#8221;#ffffff&#8221; item_padding=&#8221;10% 10%&#8221;][vc_column_text]<\/p>\n<h2 style=\"text-align: left;\">HIST\u00d3RIA<\/h2>\n<p>[\/vc_column_text][vc_empty_space height=&#8221;22px&#8221;][vc_column_text]A Vegaa surgiu a partir do desejo de seus fundadores em impactar a transforma\u00e7\u00e3o digital das empresas de forma objetiva, integrando\u00a0diferentes plataformas de softwares, automatizando processos de forma inteligente e configurando produtos digitais.\u00a0A equipe tem mais de 20 anos de experi\u00eancia em modelagem de novos neg\u00f3cios, tendo participado de mais de 1000 projetos, em R$ 6\u00a0bilh\u00f5es em investimentos, nos mais diferentes segmentos.\u00a0A Vegaa contribui no robustecimento dos neg\u00f3cios, trazendo <span class=\"tooltipsall tooltipsincontent classtoolTips0\">intelig\u00eancia<\/span>, cogerindo processos chave das empresas e propiciando\u00a0automa\u00e7\u00e3o. Isto gera mais efici\u00eancia, transpar\u00eancia, economia e resultados, o que chamamos de processos inteligentes.\u00a0Dentre as diferentes parceiros de software, destacamos a NICK, plataforma NOCODE, que permite a configura\u00e7\u00e3o de aplica\u00e7\u00f5es com\u00a0uma redu\u00e7\u00e3o de tempo e recursos de at\u00e9 80%.\u00a0A combina\u00e7\u00e3o da experi\u00eancia de neg\u00f3cios com a tecnologia de software no estado da arte, permite que consolidemos um\u00a0posicionamento diferenciado, em um mundo de mudan\u00e7as r\u00e1pidas que impactam as rela\u00e7\u00f5es entre as pessoas e as empresas.[\/vc_column_text][\/qode_elements_holder_item][\/qode_elements_holder][qode_elements_holder number_of_columns=&#8221;two_columns&#8221;][qode_elements_holder_item horizontal_alignment=&#8221;left&#8221; advanced_animations=&#8221;no&#8221; background_color=&#8221;#ffffff&#8221; item_padding=&#8221;14% 15%&#8221;][vc_column_text]<\/p>\n<h2 style=\"text-align: left;\">PARCERIA<\/h2>\n<p>[\/vc_column_text][vc_empty_space height=&#8221;22px&#8221;][vc_empty_space height=&#8221;22px&#8221;][vc_single_image image=&#8221;404&#8243; img_size=&#8221;full&#8221; onclick=&#8221;custom_link&#8221; img_link_target=&#8221;_blank&#8221; qode_css_animation=&#8221;&#8221; link=&#8221;http:\/\/nickbuilder.com.br&#8221;][\/qode_elements_holder_item][qode_elements_holder_item cover=&#8221;yes&#8221; advanced_animations=&#8221;no&#8221; background_image=&#8221;13&#8243; custom_class=&#8221;eh-shadow&#8221;][vc_single_image image=&#8221;364&#8243; img_size=&#8221;full&#8221; qode_css_animation=&#8221;&#8221;][\/qode_elements_holder_item][\/qode_elements_holder][vc_empty_space height=&#8221;52px&#8221;][\/vc_column][\/vc_row][vc_row row_type=&#8221;parallax&#8221; parallax_content_width=&#8221;in_grid&#8221; text_align=&#8221;left&#8221; full_screen_section_height=&#8221;no&#8221; background_image=&#8221;335&#8243; el_id=&#8221;equipe&#8221;][vc_column][vc_empty_space height=&#8221;80px&#8221;][vc_column_text]<\/p>\n<h1 style=\"text-align: center;\"><span style=\"color: #ffffff;\">EQUIPE<\/span><\/h1>\n<p>[\/vc_column_text][vc_empty_space height=&#8221;40px&#8221;][vc_row_inner row_type=&#8221;row&#8221; type=&#8221;full_width&#8221; text_align=&#8221;left&#8221; css_animation=&#8221;&#8221;][vc_column_inner width=&#8221;1\/5&#8243;]<div class='q_team info_description_below_image' style='background-color:rgba(255,255,255,0.01);'><div class='q_team_inner'><div class='q_team_image'><div class='q_team_image_holder'><img itemprop='image' src='https:\/\/vegaa.com.br\/wp-content\/uploads\/2020\/06\/1-2.jpg' alt='1' \/><\/div><div class='q_team_text' ><div class='q_team_text_inner'><div class='q_team_title_holder'><h2 class='q_team_name' style = 'color: #ffffff;'>Bruno Pfeilsticker<\/h2><\/div><div class='q_team_description_below_image_wrapper'><div class='q_team_description'><div class='q_team_description_inner'><p>Desenvolvimento de neg\u00f3cios, estrat\u00e9gia comercial e rotas de mercado.<\/p><\/div><\/div><\/div><\/div><\/div><div class='q_team_social_holder'><\/div><\/div><\/div><\/div>[vc_empty_space height=&#8221;40px&#8221;][\/vc_column_inner][vc_column_inner width=&#8221;1\/5&#8243;]<div class='q_team info_description_below_image' style='background-color:rgba(255,255,255,0.01);'><div class='q_team_inner'><div class='q_team_image'><div class='q_team_image_holder'><img itemprop='image' src='https:\/\/vegaa.com.br\/wp-content\/uploads\/2020\/06\/2-2.jpg' alt='2' \/><\/div><div class='q_team_text' ><div class='q_team_text_inner'><div class='q_team_title_holder'><h2 class='q_team_name' style = 'color: #ffffff;'>Filipe Drumond<\/h2><\/div><div class='q_team_description_below_image_wrapper'><div class='q_team_description'><div class='q_team_description_inner'><p><span class=\"tooltipsall tooltipsincontent classtoolTips0\">Intelig\u00eancia<\/span> de neg\u00f3cios e mercado, desenvolvimento de produtos e opera\u00e7\u00f5es.<\/p><\/div><\/div><\/div><\/div><\/div><div class='q_team_social_holder'><\/div><\/div><\/div><\/div>[vc_empty_space height=&#8221;40px&#8221;][\/vc_column_inner][vc_column_inner width=&#8221;1\/5&#8243;]<div class='q_team info_description_below_image' style='background-color:rgba(255,255,255,0.01);'><div class='q_team_inner'><div class='q_team_image'><div class='q_team_image_holder'><img itemprop='image' src='https:\/\/vegaa.com.br\/wp-content\/uploads\/2020\/06\/3.jpg' alt='3' \/><\/div><div class='q_team_text' ><div class='q_team_text_inner'><div class='q_team_title_holder'><h2 class='q_team_name' style = 'color: #ffffff;'>Fl\u00e1vio Ara\u00fajo<\/h2><\/div><div class='q_team_description_below_image_wrapper'><div class='q_team_description'><div class='q_team_description_inner'><p>Estrat\u00e9gia, modelagem do neg\u00f3cio e funding.<\/p><\/div><\/div><\/div><\/div><\/div><div class='q_team_social_holder'><\/div><\/div><\/div><\/div>[vc_empty_space height=&#8221;40px&#8221;][\/vc_column_inner][vc_column_inner width=&#8221;1\/5&#8243;]<div class='q_team info_description_below_image' style='background-color:rgba(255,255,255,0.01);'><div class='q_team_inner'><div class='q_team_image'><div class='q_team_image_holder'><img itemprop='image' src='https:\/\/vegaa.com.br\/wp-content\/uploads\/2020\/06\/4.jpg' alt='4' \/><\/div><div class='q_team_text' ><div class='q_team_text_inner'><div class='q_team_title_holder'><h2 class='q_team_name' style = 'color: #ffffff;'>Paulo Cerqueira<\/h2><\/div><div class='q_team_description_below_image_wrapper'><div class='q_team_description'><div class='q_team_description_inner'><p>Inova\u00e7\u00e3o, empreendedorismo e estrutura\u00e7\u00e3o de processos.<\/p><\/div><\/div><\/div><\/div><\/div><div class='q_team_social_holder'><\/div><\/div><\/div><\/div>[vc_empty_space height=&#8221;40px&#8221;][\/vc_column_inner][vc_column_inner width=&#8221;1\/5&#8243;]<div class='q_team info_description_below_image' style='background-color:rgba(255,255,255,0.01);'><div class='q_team_inner'><div class='q_team_image'><div class='q_team_image_holder'><img itemprop='image' src='https:\/\/vegaa.com.br\/wp-content\/uploads\/2020\/06\/5.jpg' alt='5' \/><\/div><div class='q_team_text' ><div class='q_team_text_inner'><div class='q_team_title_holder'><h2 class='q_team_name' style = 'color: #ffffff;'>Alysson Nazareth<\/h2><\/div><div class='q_team_description_below_image_wrapper'><div class='q_team_description'><div class='q_team_description_inner'><p>Especialista em P&amp;D e configura\u00e7\u00f5es de aplica\u00e7\u00f5es baseadas em plataformas no code.<\/p><\/div><\/div><\/div><\/div><\/div><div class='q_team_social_holder'><\/div><\/div><\/div><\/div>[vc_empty_space height=&#8221;40px&#8221;][\/vc_column_inner][\/vc_row_inner][\/vc_column][\/vc_row]<\/p>\n<script type=\"text\/javascript\"> toolTips('.classtoolTips0','INCORPORAMOS MAIS DE 20 ANOS DE\u00a0EXPERI\u00caNCIA EM MODELAGEM DE\u00a0NEG\u00d3CIOS, NA CONSTRU\u00c7\u00c3O OU REVIS\u00c3O<br\/>DO SEU PLAYBOOK DE PROCESSO'); <\/script>","protected":false},"excerpt":{"rendered":"<p>[vc_row css_animation=&#8221;&#8221; row_type=&#8221;row&#8221; use_row_as_full_screen_section=&#8221;no&#8221; type=&#8221;full_width&#8221; angled_section=&#8221;no&#8221; text_align=&#8221;left&#8221; background_image_as_pattern=&#8221;without_pattern&#8221; css=&#8221;.vc_custom_1519895299217{background-color: #212121 !important;}&#8221; z_index=&#8221;&#8221;][vc_column][rev_slider_vc alias=&#8221;home&#8221;][\/vc_column][\/vc_row][vc_row css_animation=&#8221;&#8221; row_type=&#8221;row&#8221; use_row_as_full_screen_section=&#8221;no&#8221; type=&#8221;grid&#8221; angled_section=&#8221;no&#8221; text_align=&#8221;center&#8221; background_image_as_pattern=&#8221;without_pattern&#8221; z_index=&#8221;&#8221; css=&#8221;.vc_custom_1594145144126{padding-bottom: 110px !important;background-color: #245658 !important;}&#8221; el_id=&#8221;como&#8221; background_color=&#8221;#ffffff&#8221;][vc_column css=&#8221;.vc_custom_1592419705459{margin-top: 50px !important;}&#8221;][vc_column_text css=&#8221;.vc_custom_1594137903446{padding-top: 110px !important;}&#8221;] COMO FAZEMOS [\/vc_column_text][vc_empty_space][vc_separator type=&#8221;normal&#8221; color=&#8221;#ffffff&#8221; thickness=&#8221;2px&#8221;][vc_empty_space][qode_elements_holder number_of_columns=&#8221;three_columns&#8221;][qode_elements_holder_item horizontal_alignment=&#8221;left&#8221; advanced_animations=&#8221;yes&#8221; start_position=&#8221;bottom&#8221; end_position=&#8221;center&#8221;&#8230;<\/p>\n","protected":false},"author":1,"featured_media":0,"parent":0,"menu_order":0,"comment_status":"closed","ping_status":"closed","template":"full_width.php","meta":[],"_links":{"self":[{"href":"https:\/\/vegaa.com.br\/index.php\/wp-json\/wp\/v2\/pages\/9"}],"collection":[{"href":"https:\/\/vegaa.com.br\/index.php\/wp-json\/wp\/v2\/pages"}],"about":[{"href":"https:\/\/vegaa.com.br\/index.php\/wp-json\/wp\/v2\/types\/page"}],"author":[{"embeddable":true,"href":"https:\/\/vegaa.com.br\/index.php\/wp-json\/wp\/v2\/users\/1"}],"replies":[{"embeddable":true,"href":"https:\/\/vegaa.com.br\/index.php\/wp-json\/wp\/v2\/comments?post=9"}],"version-history":[{"count":146,"href":"https:\/\/vegaa.com.br\/index.php\/wp-json\/wp\/v2\/pages\/9\/revisions"}],"predecessor-version":[{"id":187,"href":"https:\/\/vegaa.com.br\/index.php\/wp-json\/wp\/v2\/pages\/9\/revisions\/187"}],"wp:attachment":[{"href":"https:\/\/vegaa.com.br\/index.php\/wp-json\/wp\/v2\/media?parent=9"}],"curies":[{"name":"wp","href":"https:\/\/api.w.org\/{rel}","templated":true}]}}